 = 12929 - 12927. Determine p(l).
-3
Let l(y) = -y**2 + 8*y + 5. Let q be (198/(-165))/((-4)/250). Let r be 75/q - 16/(0 + -2). Determine l(r).
-4
Let a(n) be the second derivative of -n**5/30 - n**4/12 - n**3/3 - 3*n**2/2 - 8*n. Let m(p) be the first derivative of a(p). Let q = 2 - 4. Give m(q).
-6
Let o(p) = -8*p - 1 + p**2 - p**3 - 11*p**2 - p**2. Suppose 0 = -177*j + 175*j + 2*a - 26, -3*j - 3*a - 21 = 0. What is o(j)?
-21
Let h(c) = c**2 - 113*c + 2136. Let g be h(89). Let k(s) = s**3 + s - 25. Give k(g).
-25
Suppose 145 = 34*n + 9. Let q(d) be the first derivative of d**3/3 - 5*d**2/2 + 5*d - 273. Give q(n).
1
Let c(n) = -n**3 - 14*n**2 - 17*n - 8. Let s be c(-13). Suppose -11*x + s = -0. Let f(l) = -l**3 + 7*l**2 - 5*l. What is f(x)?
28
Let a = 4 + 1. Let i(n) = -a - 3*n**3 - 44*n + 4*n**3 + 25*n + 21*n - 4*n**2. Let s = 61 - 57. Calculate i(s).
3
Suppose -93*o - 488 = -32*o. Let u(c) = 2*c**3 + 15*c**2 - 8*c + 14. Calculate u(o).
14
Suppose 103 - 86 = -5*x - 3*n, 0 = x + 5*n + 21. Let v(k) be the third derivative of k**5/15 - k**4/24 + 5*k**2. Calculate v(x).
5
Let y(i) be the third derivative of -i**4/8 + 7*i**3/6 - 257*i**2 - 2. Determine y(-2).
13
Let m be 6 + -2 + ((-25)/5)/5. Suppose 30 = -m*n + 4*n. Suppose -5*g + n = -0. Let w(z) = -z + 8. Determine w(g).
2
Let x(c) be the second derivative of c**5/20 + 3*c**4/4 + 3*c**3/2 - 4*c**2 - 14*c + 2. Suppose -14*a = -17*a - 21. Calculate x(a).
27
Suppose -50 = 96*q - 91*q. Let c(i) = -i**2 - 17*i - 57. What is c(q)?
13
Suppose -47*u - 580 = -76*u. Let v(g) be the first derivative of -1/2*g**2 + 0*g + u - 2/3*g**3 + 19/4*g**4. Calculate v(-1).
-20
Let o(t) = 18*t - 17*t + 1 + 2*t. Let u(k) = k**3 + 3*k**2 - 2*k + 9. Let h be u(-4). Give o(h).
4
Let t be (1 + 0 + -1)*1. Suppose -3*s + 50 = 5*i + s, 2*s - 10 = t. Let l(x) = -x**2 + 8*x - 6. Calculate l(i).
6
Let n(p) be the third derivative of p**5/60 - p**4/8 + 2*p**3/3 - 1353*p**2. Calculate n(2).
2
Let w(r) = -4 - 12 - 2*r**3 + 20 + 1 + 2*r + 3*r**2. Let c(q) = -2*q**3 + 3*q**2 + 3*q + 6. Let l(p) = -3*c(p) + 4*w(p). What is l(2)?
-4
Let i(p) = 32*p - 12. Let v(l) = 13*l - 8. Let c(w) = 13*w - 7. Let m(s) = -3*c(s) + 2*v(s). Let t(f) = 5*i(f) + 12*m(f). Give t(-1).
-4
Let s(j) = -5*j**2 - 19*j - 38. Let n(d) = d**2. Let y(w) = -6*n(w) - s(w). Let m be (16/(-12) - 95/57)*-7. Determine y(m).
-4
Suppose 0 = -q - 2*m + 73 + 9, 443 = 5*q - m. Let u = 93 - q. Let s(y) = -u*y + 9 + 4*y - 6 + 2*y. Determine s(-3).
0
Let u(t) be the first derivative of t**3/3 + 9*t**2/2 + 7*t - 3008. Let k = 6 + -11. Give u(k).
-13
Let r(k) = 4*k**3 - k**2 + 18321 - k - 18321 + 2*k**3. Suppose 2*g + 2*j - 9 = -g, 3 = -j. Suppose -3*c + v - g*v + 13 = 0, 5*c - 15 = -5*v. Calculate r(c).
-6
Let r(q) = -q**2 + 12*q - 13. Suppose 12*x + 5 = 9*x + k, -5*x = -5*k + 15. Let p = x + 12. Calculate r(p).
-2
Let j(d) = -d**2 - 4*d + 14. Let y(k) = -5*k + 6. Let l(g) = g + 2. Let h(p) = 2*l(p) + y(p). Let c(n) = 3*h(n) - 2*j(n). What is c(2)?
8
Let b(i) be the first derivative of 2*i**3/3 + 5*i**2/2 - 10*i + 1379. Calculate b(-7).
53
Let w(j) = 76*j - 6231. Let r be w(82). Let t(l) = 31*l**3 + l**2 - 2*l + 1. Give t(r).
31
Let j(u) = 541*u + 26. Let z(v) = -677*v - 27. Let y(i) = 5*j(i) + 4*z(i). Suppose -3*o = -2*p + 2*o + 35, -3*p + 4*o + 42 = 0. Calculate y(p).
-8
Let u = -516 + 528. Let o(m) be the second derivative of -m**5/20 + 13*m**4/12 - 2*m**3 - 28*m. Determine o(u).
0
Let s(n) = n**3 + 5*n**2 - 8*n - 5. Suppose -343*o + 333*o = 60. Determine s(o).
7
Let b be -6*(-1 + (-5)/(45/(-6))). Let a(y) = -42*y + 22*y - 2 + b*y**2 + 17*y. Determine a(3).
7
Let d(j) = -19*j**2 - 4*j + 15. Let v(r) = 10*r**2 + r + 1. Let s(t) = -d(t) - 2*v(t). Determine s(0).
-17
Suppose 0 = b - 7 - 7. Let n(g) be the first derivative of -b - 1/3*g**3 + 2*g - 1/2*g**2. Calculate n(-5).
-18
Let h(m) = 43*m - 80. Let i(c) = -176*c + 322. Let k(t) = -17*h(t) - 4*i(t). Calculate k(2).
18
Suppose -285 - 192 = -3*t. Let o(r) = -320 + t + 193 - r - r**2. Calculate o(0).
32
Let n be 64/114 + 444/4218 - (-22)/3. Let t(b) = 3*b**3 - 23*b**2 - 6*b - 10. Determine t(n).
6
Suppose 33*i - 2*m + 12 = 34*i, 3*i + 5*m - 34 = 0. Let s(l) = l**3 - 7*l**2 - 6*l - 20. What is s(i)?
-4
Let b(x) = -x - 14. Let j be b(-15). Suppose 0*m = -m - 5*l + 3, 5*m - 15 = 3*l. Let c be 0/(j/(-2 + m)). Let o(h) = -h**3 - h**2 + h - 11. Determine o(c).
-11
Let f be (2/6)/((70/7)/120). Suppose -4 = -f*g - 40. Let i(x) = x**2 + 9*x - 6. What is i(g)?
-6
Let i(j) = 4*j**2 + 5*j**2 - 61*j**3 - 7 + 29*j**3 + 33*j**3. Suppose 8 + 10 = -2*n. Calculate i(n).
-7
Let k(m) be the first derivative of m - 5 + 0*m**2 + 7/4*m**4 + 0*m**3. Let i = 291 - 292. What is k(i)?
-6
Let a(l) be the second derivative of -l**6/720 + 17*l**5/120 - 17*l**4/12 + 6*l + 2. Let h(n) be the third derivative of a(n). What is h(11)?
6
Let n(v) = -v**2 + 9*v + 15. Let l be n(11). Let q(h) = 6*h**2 + 2*h. Let z(x) = -35*x**2 - 8*x - 8. Let r(y) = -6*q(y) - z(y). Give r(l).
-13
Let b(x) = x**2 - x - 13. Let h(l) = -l**3 + 9*l**2 - 9*l + 39. Let m(u) = 2*b(u) + h(u). Determine m(10).
3
Let u be (-2849)/616 + (-6)/16. Let b(t) be the first derivative of -5/3*t**3 + t**2 + t - 1/4*t**4 - 3. Calculate b(u).
-9
Let c(i) = i - 40. Let u be (-490)/196*(-1)/5*24. Give c(u).
-28
Let i(b) = -53*b**2 - 50*b**2 + 27 - b**3 + 32*b - 9*b + 94*b**2 + b. What is i(-11)?
5
Let a(g) = -8 + 8 - 3*g - g**3 - 2*g - 3*g**2 + g + 1. Calculate a(-3).
13
Let j(a) = 5*a - 2 - 4*a + 28 + 4 - 3. Determine j(7).
34
Let s(z) = 13*z**2 + 2*z + 1. Suppose 5*w = i + 6, -w = -i + 2*w + 2. Suppose i = -4*o + 10. Determine s(o).
12
Let m(g) = 52*g**3 + 2*g - 1. Suppose -4*n = -2*p - 18, 130*n - 3*p = 135*n + 16. What is m(n)?
53
Let l(v) be the second derivative of -5*v**4/24 - 7*v**3/6 + 243*v**2/2 + 2*v - 62. Let s(z) be the first derivative of l(z). Calculate s(5).
-32
Let x(h) = h - 1. Let k(f) = 2*f - 3. Let z = -12 - -6. Let d(q) = z*x(q) + 2*k(q). Let r = -72 - -78. Calculate d(r).
-12
Suppose 0 = -149*p + 133*p + 64. Let l(k) be the first derivative of -2*k + 4/3*k**3 - 13 + 1/2*k**2 - 1/4*k**p. Give l(4).
2
Let y(s) be the second derivative of 1/12*s**4 + s - 1/2*s**3 + 0 - 5/2*s**2. Let f(w) = 378*w**2 - 15883*w + 299. Let a be f(42). Give y(a).
5
Let d(v) = v**2 - 11*v - 25. Let t(g) = -9*g + 45. Let c be t(4). Suppose c*y = -39 + 156. Give d(y).
1
Let n(q) = q**2 + 19*q - 35. Let u be 11/(-209) - 1137/57. Give n(u).
-15
Let w(g) = -95*g**2 + 59*g**2 + 15*g**2 + 6*g + 1 + 20*g**2 + g. What is w(9)?
-17
Let v = 78 - 85. Let b(q) be the first derivative of q**3/3 + 7*q**2/2 + 6*q + 270. Calculate b(v).
6
Let x(o) = 3*o**3. Let j(m) = -m**3 + 8*m**2 + 10*m. Let c be j(9). Suppose c = 3*y + 69. Let v = 19 + y. Give x(v).
-3
Let x = -13109 - -13113. Let k(h) = -h**3 + 4*h**2 - 4*h. Determine k(x).
-16
Let h(v) = v - 1. Suppose 0 = -5*r - 2*f + 54, -49*f - 21 = -3*r - 54*f. Let d be ((-3)/9)/((-2)/r). Calculate h(d).
1
Let q = 92 - 88. Let k(t) = 2*t**2 + 3*t + 16. Let y(r) = r**2 - r + 2. Let v(w) = q*y(w) - k(w). Determine v(6).
22
Suppose 8*x = 4*x. Let m = 37 + -36. Let y(o) = -m - 12 + 2*o - 3*o. Give y(x).
-13
Let c(d) be the first derivative of d**3/3 - 3*d**2 - 8*d + 1. Let q(m) = -3*m - 60. Let z be q(4). Let f be 42/8*(-8)/z*12. Give c(f).
-1
Let n(y) = 2 + 5679*y + 3*y**3 + y**2 - 4 + 0*y**2 - 5688*y. What is n(-2)?
-4
Let h(m) = -m**2 + 18*m - 17. Let q = -3524 + 3540. Calculate h(q).
15
Let k(x) = x**3 + x**2 - x. Let w(v) = 2*v**2 - 2031*v + 2025*v + 0*v**2 - 2*v**3 - 15. Let m(h) = -3*k(h) - w(h). What is m(-6)?
-3
Let h(c) = -185*c**2 - 85*c - c**3 + 16 + 47*c + 180*c**2 + 48*c. Calculate h(-6).
-8
Let c = 2865 - 2874. Let s(z) = z**3 + 9*z**2 - z - 21. Calculate s(c).
-12
Let x(g) = 42*g**3 + 1. Suppose 0 = 210*n - 243 + 33. Give x(n).
43
Let h(v) = -4*v**2 + 2*v. Let o(x) = 2*x**2 - x. Suppose -p = -4*d - 6, 0*p + 30 = 5*p + 4*d. Let q(s) = p*h(s) + 11*o(s). Determine q(1).
-1
Let s(a) = a**3 - 4*a**2 - a - 3. Let k(p) = 6*p + 63. Suppose 0 = w - 3*q + 7, -3*w - 2*q = 6 + 26. Let m be k(w). What is s(m)?
-15
Let v be 891/11 - (0 + -2). Let l be ((-1)/((-1)/(-3)))/(84 - v). Let u(o) = 9*o - 4. Determine u(l).
-31
Let a be ((-224)/40)/((-5)/200). Let p be (6 + a/(-35))/((-2